{"id":347,"date":"2012-07-25T16:25:04","date_gmt":"2012-07-25T14:25:04","guid":{"rendered":"http:\/\/dereformasenalicante.com\/blog\/?page_id=347"},"modified":"2012-09-23T23:10:37","modified_gmt":"2012-09-23T21:10:37","slug":"contacto","status":"publish","type":"page","link":"https:\/\/www.dereformasenalicante.com\/blog\/index.php\/contacto\/","title":{"rendered":"CONTACTO"},"content":{"rendered":"<p><a href=\"https:\/\/www.dereformasenalicante.com\/blog\/wp-content\/uploads\/2012\/07\/foto_contacto.jpg\"><img loading=\"lazy\" class=\"alignleft size-medium wp-image-358\" title=\"foto_contacto\" src=\"https:\/\/www.dereformasenalicante.com\/blog\/wp-content\/uploads\/2012\/07\/foto_contacto-300x103.jpg\" alt=\"\" width=\"300\" height=\"103\" srcset=\"https:\/\/www.dereformasenalicante.com\/blog\/wp-content\/uploads\/2012\/07\/foto_contacto-300x103.jpg 300w, https:\/\/www.dereformasenalicante.com\/blog\/wp-content\/uploads\/2012\/07\/foto_contacto.jpg 930w\" sizes=\"(max-width: 300px) 100vw, 300px\" \/><\/a>Si desea ponerse en contacto con dereformasenalicante.com h\u00e1galo a trav\u00e9s del siguiente formulario de contacto o bien en nuestra l\u00ednea\u00a0telef\u00f3nica <span style=\"color: #993300;\">902 003 908<\/span>.<\/p>\n<h3>Haga click\u00a0sobre el enlace\u00a0para acceder al <a title=\"Contacto\" href=\"http:\/\/www.dereformasenalicante.com\/contacto.php\" target=\"_blank\">formulario de contacto<\/a>.<\/h3>\n","protected":false},"excerpt":{"rendered":"<p>Si desea ponerse en contacto con dereformasenalicante.com h\u00e1galo a trav\u00e9s del siguiente formulario de contacto o bien en nuestra l\u00ednea\u00a0telef\u00f3nica 902 003 908. Haga click\u00a0sobre el enlace\u00a0para acceder al formulario de contacto.<\/p>\n","protected":false},"author":3,"featured_media":0,"parent":0,"menu_order":6,"comment_status":"open","ping_status":"closed","template":"onecolumn-page.php","meta":[],"yoast_head":"<!-- This site is optimized with the Yoast SEO plugin v14.4.1 - https:\/\/yoast.com\/wordpress\/plugins\/seo\/ -->\n<meta name=\"robots\" content=\"index, follow\" \/>\n<meta name=\"googlebot\" content=\"index, follow, max-snippet:-1, max-image-preview:large, max-video-preview:-1\" \/>\n<meta name=\"bingbot\" content=\"index, follow, max-snippet:-1, max-image-preview:large, max-video-preview:-1\" \/>\n<link rel=\"canonical\" href=\"https:\/\/www.dereformasenalicante.com\/blog\/index.php\/contacto\/\" \/>\n<meta property=\"og:locale\" content=\"es_ES\" \/>\n<meta property=\"og:type\" content=\"article\" \/>\n<meta property=\"og:title\" content=\"CONTACTO - Reformas en Alicante\" \/>\n<meta property=\"og:description\" content=\"Si desea ponerse en contacto con dereformasenalicante.com h\u00e1galo a trav\u00e9s del siguiente formulario de contacto o bien en nuestra l\u00ednea\u00a0telef\u00f3nica 902 003 908. Haga click\u00a0sobre el enlace\u00a0para acceder al formulario de contacto.\" \/>\n<meta property=\"og:url\" content=\"https:\/\/www.dereformasenalicante.com\/blog\/index.php\/contacto\/\" \/>\n<meta property=\"og:site_name\" content=\"Reformas en Alicante\" \/>\n<meta property=\"article:modified_time\" content=\"2012-09-23T21:10:37+00:00\" \/>\n<meta property=\"og:image\" content=\"https:\/\/www.dereformasenalicante.com\/blog\/wp-content\/uploads\/2012\/07\/foto_contacto-300x103.jpg\" \/>\n<script type=\"application\/ld+json\" class=\"yoast-schema-graph\">{\"@context\":\"https:\/\/schema.org\",\"@graph\":[{\"@type\":\"WebSite\",\"@id\":\"https:\/\/www.dereformasenalicante.com\/blog\/#website\",\"url\":\"https:\/\/www.dereformasenalicante.com\/blog\/\",\"name\":\"Reformas en Alicante\",\"description\":\"blog | dereformasenalicante.com\",\"potentialAction\":[{\"@type\":\"SearchAction\",\"target\":\"https:\/\/www.dereformasenalicante.com\/blog\/?s={search_term_string}\",\"query-input\":\"required name=search_term_string\"}],\"inLanguage\":\"es\"},{\"@type\":\"ImageObject\",\"@id\":\"https:\/\/www.dereformasenalicante.com\/blog\/index.php\/contacto\/#primaryimage\",\"inLanguage\":\"es\",\"url\":\"https:\/\/www.dereformasenalicante.com\/blog\/wp-content\/uploads\/2012\/07\/foto_contacto.jpg\",\"width\":\"930\",\"height\":\"320\"},{\"@type\":\"WebPage\",\"@id\":\"https:\/\/www.dereformasenalicante.com\/blog\/index.php\/contacto\/#webpage\",\"url\":\"https:\/\/www.dereformasenalicante.com\/blog\/index.php\/contacto\/\",\"name\":\"CONTACTO - Reformas en Alicante\",\"isPartOf\":{\"@id\":\"https:\/\/www.dereformasenalicante.com\/blog\/#website\"},\"primaryImageOfPage\":{\"@id\":\"https:\/\/www.dereformasenalicante.com\/blog\/index.php\/contacto\/#primaryimage\"},\"datePublished\":\"2012-07-25T14:25:04+00:00\",\"dateModified\":\"2012-09-23T21:10:37+00:00\",\"inLanguage\":\"es\",\"potentialAction\":[{\"@type\":\"ReadAction\",\"target\":[\"https:\/\/www.dereformasenalicante.com\/blog\/index.php\/contacto\/\"]}]}]}<\/script>\n<!-- \/ Yoast SEO plugin. -->","_links":{"self":[{"href":"https:\/\/www.dereformasenalicante.com\/blog\/index.php\/wp-json\/wp\/v2\/pages\/347"}],"collection":[{"href":"https:\/\/www.dereformasenalicante.com\/blog\/index.php\/wp-json\/wp\/v2\/pages"}],"about":[{"href":"https:\/\/www.dereformasenalicante.com\/blog\/index.php\/wp-json\/wp\/v2\/types\/page"}],"author":[{"embeddable":true,"href":"https:\/\/www.dereformasenalicante.com\/blog\/index.php\/wp-json\/wp\/v2\/users\/3"}],"replies":[{"embeddable":true,"href":"https:\/\/www.dereformasenalicante.com\/blog\/index.php\/wp-json\/wp\/v2\/comments?post=347"}],"version-history":[{"count":25,"href":"https:\/\/www.dereformasenalicante.com\/blog\/index.php\/wp-json\/wp\/v2\/pages\/347\/revisions"}],"predecessor-version":[{"id":352,"href":"https:\/\/www.dereformasenalicante.com\/blog\/index.php\/wp-json\/wp\/v2\/pages\/347\/revisions\/352"}],"wp:attachment":[{"href":"https:\/\/www.dereformasenalicante.com\/blog\/index.php\/wp-json\/wp\/v2\/media?parent=347"}],"curies":[{"name":"wp","href":"https:\/\/api.w.org\/{rel}","templated":true}]}}

<p><a href="https://www.dereformasenalicante.com/blog/wp-content/uploads/2012/07/foto_contacto.jpg"><img loading="lazy" class="alignleft size-medium wp-image-358" title="foto_contacto" src="https://www.dereformasenalicante.com/blog/wp-content/uploads/2012/07/foto_contacto-300x103.jpg" alt="" width="300" height="103" srcset="https://www.dereformasenalicante.com/blog/wp-content/uploads/2012/07/foto_contacto-300x103.jpg 300w, https://www.dereformasenalicante.com/blog/wp-content/uploads/2012/07/foto_contacto.jpg 930w" sizes="(max-width: 300px) 100vw, 300px" /></a>Si desea ponerse en contacto con dereformasenalicante.com hágalo a través del siguiente formulario de contacto o bien en nuestra línea telefónica <span style="color: #993300;">902 003 908</span>.</p>
<h3>Haga click sobre el enlace para acceder al <a title="Contacto" href="http://www.dereformasenalicante.com/contacto.php" target="_blank">formulario de contacto</a>.</h3>

<p>Si desea ponerse en contacto con dereformasenalicante.com hágalo a través del siguiente formulario de contacto o bien en nuestra línea telefónica 902 003 908. Haga click sobre el enlace para acceder al formulario de contacto.</p>

<!-- This site is optimized with the Yoast SEO plugin v14.4.1 - https://yoast.com/wordpress/plugins/seo/ -->
<meta name="robots" content="index, follow" />
<meta name="googlebot" content="index, follow, max-snippet:-1, max-image-preview:large, max-video-preview:-1" />
<meta name="bingbot" content="index, follow, max-snippet:-1, max-image-preview:large, max-video-preview:-1" />
<link rel="canonical" href="https://www.dereformasenalicante.com/blog/index.php/contacto/" />
<meta property="og:locale" content="es_ES" />
<meta property="og:type" content="article" />
<meta property="og:title" content="CONTACTO - Reformas en Alicante" />
<meta property="og:description" content="Si desea ponerse en contacto con dereformasenalicante.com hágalo a través del siguiente formulario de contacto o bien en nuestra línea telefónica 902 003 908. Haga click sobre el enlace para acceder al formulario de contacto." />
<meta property="og:url" content="https://www.dereformasenalicante.com/blog/index.php/contacto/" />
<meta property="og:site_name" content="Reformas en Alicante" />
<meta property="article:modified_time" content="2012-09-23T21:10:37+00:00" />
<meta property="og:image" content="https://www.dereformasenalicante.com/blog/wp-content/uploads/2012/07/foto_contacto-300x103.jpg" />
<script type="application/ld+json" class="yoast-schema-graph">{"@context":"https://schema.org","@graph":[{"@type":"WebSite","@id":"https://www.dereformasenalicante.com/blog/#website","url":"https://www.dereformasenalicante.com/blog/","name":"Reformas en Alicante","description":"blog | dereformasenalicante.com","potentialAction":[{"@type":"SearchAction","target":"https://www.dereformasenalicante.com/blog/?s={search_term_string}","query-input":"required name=search_term_string"}],"inLanguage":"es"},{"@type":"ImageObject","@id":"https://www.dereformasenalicante.com/blog/index.php/contacto/#primaryimage","inLanguage":"es","url":"https://www.dereformasenalicante.com/blog/wp-content/uploads/2012/07/foto_contacto.jpg","width":"930","height":"320"},{"@type":"WebPage","@id":"https://www.dereformasenalicante.com/blog/index.php/contacto/#webpage","url":"https://www.dereformasenalicante.com/blog/index.php/contacto/","name":"CONTACTO - Reformas en Alicante","isPartOf":{"@id":"https://www.dereformasenalicante.com/blog/#website"},"primaryImageOfPage":{"@id":"https://www.dereformasenalicante.com/blog/index.php/contacto/#primaryimage"},"datePublished":"2012-07-25T14:25:04+00:00","dateModified":"2012-09-23T21:10:37+00:00","inLanguage":"es","potentialAction":[{"@type":"ReadAction","target":["https://www.dereformasenalicante.com/blog/index.php/contacto/"]}]}]}</script>
<!-- / Yoast SEO plugin. -->
