{"id":110,"date":"2012-06-27T00:42:44","date_gmt":"2012-06-26T22:42:44","guid":{"rendered":"http:\/\/dereformasenalicante.com\/blog\/?page_id=110"},"modified":"2012-12-24T17:30:48","modified_gmt":"2012-12-24T16:30:48","slug":"pedir-presupuestos-gratis","status":"publish","type":"page","link":"https:\/\/www.dereformasenalicante.com\/blog\/index.php\/pedir-presupuestos-gratis\/","title":{"rendered":"PIDA SU PRESUPUESTO"},"content":{"rendered":"<p style=\"text-align: justify;\"><strong>No se moleste<\/strong> en tener que ir buscando empresas de reformas en alicante \u00a1\u00a1&#8230;. <a title=\"solicite presupuestos de reformas en Alicante gratis\" href=\"http:\/\/www.dereformasenalicante.com\/formulario.php\" target=\"_blank\">solicite presupuestos de reformas en Alicante\u00a0gratis<\/a> y <strong>deje que los profesionales contacten con usted<\/strong>.<\/p>\n<p style=\"text-align: justify;\">Si usted tiene la intenci\u00f3n de <strong>realizar una reforma<\/strong> en su domicilio, ya bien sea una reforma en general o alg\u00fan trabajo m\u00e1s concreto como sustituir el <strong>aire acondicionado<\/strong>, darle unas manitas de <strong>pintura<\/strong> a su vivienda, <strong>cambiar las puertas<\/strong> interiores, <strong>reformar la cocina<\/strong> o los <strong>cuartos de ba\u00f1o<\/strong>.<\/p>\n<p style=\"text-align: justify;\">Usted dispone de nuestro <strong>servicio totalmente gratuito<\/strong> para solicitar presupuestos de <a title=\"Reformas en Alicante\" href=\"http:\/\/www.dereformasenalicante.com\/reformas_en_alicante.php\" target=\"_blank\">reformas en Alicante<\/a> y provincia a trav\u00e9s de nuestro portal dereformasenalicante.com.<\/p>\n<p style=\"text-align: justify;\">Es muy sencillo y no le llevar\u00e1 m\u00e1s de 5 minutos el cumplimentar su solicitud, la cual una vez rellena y enviada, lo \u00fanico que tiene que hacer es esperar a que las <a title=\"Empresas de reformas de Alicante\" href=\"http:\/\/www.dereformasenalicante.com\/empresas_de_reformas_alicante.php\" target=\"_blank\">empresas de reformas de Alicante<\/a> registradas en\u00a0el portal,\u00a0se pongan en contacto con usted para facilitarle los presupuestos de la reforma que usted pretende ejecutar.<\/p>\n<p style=\"text-align: justify;\">Si tiene alguna duda a la hora de rellenar su solicitud, le recordamos que puede visitar la secci\u00f3n <a title=\"Funcionamiento\" href=\"https:\/\/www.dereformasenalicante.com\/blog\/index.php\/funcionamiento-del-portal\/\" target=\"_blank\">funcionamiento<\/a>\u00a0donde se explican los pasos a seguir a la hora de realizar una solicitud de presupuesto.<\/p>\n<h2 style=\"text-align: justify;\">Para solicitar <strong>presupuestos de reformas en Alicante<\/strong> gratis haga click sobre la imagen.<\/h2>\n<p>&nbsp;<\/p>\n<p><a title=\"Solicitud de presupuesto gratis\" href=\"http:\/\/www.dereformasenalicante.com\/formulario.php\" target=\"_blank\"><img loading=\"lazy\" title=\"haga click aqui\" src=\"https:\/\/www.dereformasenalicante.com\/blog\/wp-content\/uploads\/2012\/07\/haga-click-aqui.png\" alt=\"solicitar presupuestos gratis\" width=\"640\" height=\"98\" \/><\/a><\/p>\n<p>__________________________________________________________________<\/p>\n","protected":false},"excerpt":{"rendered":"<p>No se moleste en tener que ir buscando empresas de reformas en alicante \u00a1\u00a1&#8230;. solicite presupuestos de reformas en Alicante\u00a0gratis y deje que los profesionales contacten con usted. Si usted tiene la intenci\u00f3n de realizar una reforma en su domicilio, ya bien sea una reforma en general o alg\u00fan trabajo m\u00e1s concreto como sustituir el [&hellip;]<\/p>\n","protected":false},"author":3,"featured_media":0,"parent":0,"menu_order":0,"comment_status":"open","ping_status":"closed","template":"onecolumn-page.php","meta":[],"yoast_head":"<!-- This site is optimized with the Yoast SEO plugin v14.4.1 - https:\/\/yoast.com\/wordpress\/plugins\/seo\/ -->\n<meta name=\"robots\" content=\"index, follow\" \/>\n<meta name=\"googlebot\" content=\"index, follow, max-snippet:-1, max-image-preview:large, max-video-preview:-1\" \/>\n<meta name=\"bingbot\" content=\"index, follow, max-snippet:-1, max-image-preview:large, max-video-preview:-1\" \/>\n<link rel=\"canonical\" href=\"https:\/\/www.dereformasenalicante.com\/blog\/index.php\/pedir-presupuestos-gratis\/\" \/>\n<meta property=\"og:locale\" content=\"es_ES\" \/>\n<meta property=\"og:type\" content=\"article\" \/>\n<meta property=\"og:title\" content=\"PIDA SU PRESUPUESTO - Reformas en Alicante\" \/>\n<meta property=\"og:description\" content=\"No se moleste en tener que ir buscando empresas de reformas en alicante \u00a1\u00a1&#8230;. solicite presupuestos de reformas en Alicante\u00a0gratis y deje que los profesionales contacten con usted. Si usted tiene la intenci\u00f3n de realizar una reforma en su domicilio, ya bien sea una reforma en general o alg\u00fan trabajo m\u00e1s concreto como sustituir el [&hellip;]\" \/>\n<meta property=\"og:url\" content=\"https:\/\/www.dereformasenalicante.com\/blog\/index.php\/pedir-presupuestos-gratis\/\" \/>\n<meta property=\"og:site_name\" content=\"Reformas en Alicante\" \/>\n<meta property=\"article:modified_time\" content=\"2012-12-24T16:30:48+00:00\" \/>\n<meta property=\"og:image\" content=\"https:\/\/www.dereformasenalicante.com\/blog\/wp-content\/uploads\/2012\/07\/haga-click-aqui.png\" \/>\n<script type=\"application\/ld+json\" class=\"yoast-schema-graph\">{\"@context\":\"https:\/\/schema.org\",\"@graph\":[{\"@type\":\"WebSite\",\"@id\":\"https:\/\/www.dereformasenalicante.com\/blog\/#website\",\"url\":\"https:\/\/www.dereformasenalicante.com\/blog\/\",\"name\":\"Reformas en Alicante\",\"description\":\"blog | dereformasenalicante.com\",\"potentialAction\":[{\"@type\":\"SearchAction\",\"target\":\"https:\/\/www.dereformasenalicante.com\/blog\/?s={search_term_string}\",\"query-input\":\"required name=search_term_string\"}],\"inLanguage\":\"es\"},{\"@type\":\"ImageObject\",\"@id\":\"https:\/\/www.dereformasenalicante.com\/blog\/index.php\/pedir-presupuestos-gratis\/#primaryimage\",\"inLanguage\":\"es\",\"url\":\"https:\/\/www.dereformasenalicante.com\/blog\/wp-content\/uploads\/2012\/07\/haga-click-aqui.png\",\"width\":\"640\",\"height\":\"98\",\"caption\":\"solicitar presupuestos gratis\"},{\"@type\":\"WebPage\",\"@id\":\"https:\/\/www.dereformasenalicante.com\/blog\/index.php\/pedir-presupuestos-gratis\/#webpage\",\"url\":\"https:\/\/www.dereformasenalicante.com\/blog\/index.php\/pedir-presupuestos-gratis\/\",\"name\":\"PIDA SU PRESUPUESTO - Reformas en Alicante\",\"isPartOf\":{\"@id\":\"https:\/\/www.dereformasenalicante.com\/blog\/#website\"},\"primaryImageOfPage\":{\"@id\":\"https:\/\/www.dereformasenalicante.com\/blog\/index.php\/pedir-presupuestos-gratis\/#primaryimage\"},\"datePublished\":\"2012-06-26T22:42:44+00:00\",\"dateModified\":\"2012-12-24T16:30:48+00:00\",\"inLanguage\":\"es\",\"potentialAction\":[{\"@type\":\"ReadAction\",\"target\":[\"https:\/\/www.dereformasenalicante.com\/blog\/index.php\/pedir-presupuestos-gratis\/\"]}]}]}<\/script>\n<!-- \/ Yoast SEO plugin. -->","_links":{"self":[{"href":"https:\/\/www.dereformasenalicante.com\/blog\/index.php\/wp-json\/wp\/v2\/pages\/110"}],"collection":[{"href":"https:\/\/www.dereformasenalicante.com\/blog\/index.php\/wp-json\/wp\/v2\/pages"}],"about":[{"href":"https:\/\/www.dereformasenalicante.com\/blog\/index.php\/wp-json\/wp\/v2\/types\/page"}],"author":[{"embeddable":true,"href":"https:\/\/www.dereformasenalicante.com\/blog\/index.php\/wp-json\/wp\/v2\/users\/3"}],"replies":[{"embeddable":true,"href":"https:\/\/www.dereformasenalicante.com\/blog\/index.php\/wp-json\/wp\/v2\/comments?post=110"}],"version-history":[{"count":65,"href":"https:\/\/www.dereformasenalicante.com\/blog\/index.php\/wp-json\/wp\/v2\/pages\/110\/revisions"}],"predecessor-version":[{"id":115,"href":"https:\/\/www.dereformasenalicante.com\/blog\/index.php\/wp-json\/wp\/v2\/pages\/110\/revisions\/115"}],"wp:attachment":[{"href":"https:\/\/www.dereformasenalicante.com\/blog\/index.php\/wp-json\/wp\/v2\/media?parent=110"}],"curies":[{"name":"wp","href":"https:\/\/api.w.org\/{rel}","templated":true}]}}